{"id":2112,"date":"2022-05-04T08:48:10","date_gmt":"2022-05-04T08:48:10","guid":{"rendered":"https:\/\/www.alfonsreverte.com\/actualidad\/"},"modified":"2022-07-13T09:59:55","modified_gmt":"2022-07-13T09:59:55","slug":"actualidad","status":"publish","type":"page","link":"https:\/\/www.alfonsreverte.com\/ca\/actualidad\/","title":{"rendered":"ACTUALITAT"},"content":{"rendered":"<div id=\"biografia\"><div class=\"fusion-fullwidth fullwidth-box fusion-builder-row-1 fusion-flex-container nonhundred-percent-fullwidth non-hundred-percent-height-scrolling\" style=\"background-color: var(--awb-color1);background-position: center center;background-repeat: no-repeat;border-width: 0px 0px 0px 0px;border-color:var(--awb-color3);border-style:solid;\" ><div class=\"fusion-builder-row fusion-row fusion-flex-align-items-flex-start fusion-flex-align-content-space-between\" style=\"max-width:calc( 1200px + );margin-left: calc(- \/ 2 );margin-right: calc(- \/ 2 );\"><div class=\"fusion-layout-column fusion_builder_column fusion-builder-column-0 fusion_builder_column_1_1 1_1 fusion-flex-column fusion-no-small-visibility\"><div class=\"fusion-column-wrapper fusion-flex-justify-content-flex-start fusion-content-layout-column\" style=\"background-position:left top;background-repeat:no-repeat;-webkit-background-size:cover;-moz-background-size:cover;-o-background-size:cover;background-size:cover;padding: 0px 0px 0px 0px;\"><div class=\"fusion-separator fusion-full-width-sep\" style=\"align-self: center;margin-left: auto;margin-right: auto;margin-top:50px;width:100%;\"><\/div><\/div><style type=\"text\/css\">.fusion-body .fusion-builder-column-0{width:100% !important;margin-top : 0px;margin-bottom : 20px;}.fusion-builder-column-0 > .fusion-column-wrapper {padding-top : 0px !important;padding-right : 0px !important;margin-right : no;padding-bottom : 0px !important;padding-left : 0px !important;margin-left : no;}@media only screen and (max-width:1024px) {.fusion-body .fusion-builder-column-0{width:100% !important;order : 0;}.fusion-builder-column-0 > .fusion-column-wrapper {margin-right : no;margin-left : no;}}@media only screen and (max-width:640px) {.fusion-body .fusion-builder-column-0{width:100% !important;order : 0;}.fusion-builder-column-0 > .fusion-column-wrapper {margin-right : no;margin-left : no;}}<\/style><\/div><div class=\"fusion-layout-column fusion_builder_column fusion-builder-column-1 fusion_builder_column_2_3 2_3 fusion-flex-column\"><div class=\"fusion-column-wrapper fusion-flex-justify-content-flex-start fusion-content-layout-column\" style=\"background-position:left top;background-repeat:no-repeat;-webkit-background-size:cover;-moz-background-size:cover;-o-background-size:cover;background-size:cover;padding: 0px 70px 0px 0px;\"><style type=\"text\/css\">@media only screen and (max-width:1024px) {.fusion-title.fusion-title-1{margin-top:10px!important; margin-right:0px!important;margin-bottom:15px!important;margin-left:0px!important;}}@media only screen and (max-width:640px) {.fusion-title.fusion-title-1{margin-top:10px!important; margin-right:0px!important;margin-bottom:10px!important; margin-left:0px!important;}}<\/style><div class=\"fusion-title title fusion-title-1 fusion-sep-none fusion-title-text fusion-title-size-one\" style=\"font-size:var(--awb-typography1-font-size);margin-top:10px;margin-right:0px;margin-bottom:15px;margin-left:0px;\"><h1 class=\"title-heading-left fusion-responsive-typography-calculated\" style=\"font-family:var(--awb-typography1-font-family);font-weight:var(--awb-typography1-font-weight);font-style:var(--awb-typography1-font-style);margin:0;font-size:1em;letter-spacing:var(--awb-typography1-letter-spacing);color:var(--awb-color5);--fontSize:40;line-height:var(--awb-typography1-line-height);\">ACTUALITAT<\/h1><\/div><div class=\"fusion-separator fusion-full-width-sep\" style=\"align-self: flex-start;margin-right:auto;margin-top:20px;margin-bottom:20px;width:100%;\"><div class=\"fusion-separator-border sep-single sep-solid\" style=\"border-color:var(--awb-color5);border-top-width:1px;\"><\/div><\/div><div class=\"fusion-recent-posts fusion-recent-posts-1 avada-container layout-default layout-columns-1\"><section class=\"fusion-columns columns fusion-columns-1 columns-1\"><article class=\"post fusion-column column col col-lg-12 col-md-12 col-sm-12\"><div class=\"recent-posts-content\"><span class=\"vcard\" style=\"display: none;\"><span class=\"fn\"><a href=\"https:\/\/www.alfonsreverte.com\/ca\/author\/admin\/\" title=\"Entrades de admin\" rel=\"author\">admin<\/a><\/span><\/span><span class=\"updated\" style=\"display:none;\">2022-08-19T15:46:11+00:00<\/span><h4 class=\"entry-title\"><a href=\"https:\/\/www.alfonsreverte.com\/ca\/uncategorized-ca\/nominacio\/\">Nominaci\u00f3 al Premio Nacional Cl\u00e1sica de Radio Nacional Cl\u00e1sica d&#8217;Argentina<\/a><\/h4><p class=\"meta\"><span class=\"vcard\" style=\"display: none;\"><span class=\"fn\"><a href=\"https:\/\/www.alfonsreverte.com\/ca\/author\/admin\/\" title=\"Entrades de admin\" rel=\"author\">admin<\/a><\/span><\/span><span class=\"updated\" style=\"display:none;\">2022-08-19T15:46:11+00:00<\/span><span>19\/08\/2022<\/span><span class=\"fusion-inline-sep\">|<\/span><\/p><\/div><\/article><article class=\"post fusion-column column col col-lg-12 col-md-12 col-sm-12\"><div class=\"recent-posts-content\"><span class=\"vcard\" style=\"display: none;\"><span class=\"fn\"><a href=\"https:\/\/www.alfonsreverte.com\/ca\/author\/admin\/\" title=\"Entrades de admin\" rel=\"author\">admin<\/a><\/span><\/span><span class=\"updated\" style=\"display:none;\">2022-07-22T10:04:52+00:00<\/span><h4 class=\"entry-title\"><a href=\"https:\/\/www.alfonsreverte.com\/ca\/uncategorized-ca\/20e-aniversari-de-la-fundacio-tot-raval\/\">20\u00e8 Aniversari de la Fundaci\u00f3 Tot Raval<\/a><\/h4><p class=\"meta\"><span class=\"vcard\" style=\"display: none;\"><span class=\"fn\"><a href=\"https:\/\/www.alfonsreverte.com\/ca\/author\/admin\/\" title=\"Entrades de admin\" rel=\"author\">admin<\/a><\/span><\/span><span class=\"updated\" style=\"display:none;\">2022-07-22T10:04:52+00:00<\/span><span>22\/07\/2022<\/span><span class=\"fusion-inline-sep\">|<\/span><\/p><\/div><\/article><article class=\"post fusion-column column col col-lg-12 col-md-12 col-sm-12\"><div class=\"recent-posts-content\"><span class=\"vcard\" style=\"display: none;\"><span class=\"fn\"><a href=\"https:\/\/www.alfonsreverte.com\/ca\/author\/admin\/\" title=\"Entrades de admin\" rel=\"author\">admin<\/a><\/span><\/span><span class=\"updated\" style=\"display:none;\">2022-07-13T10:14:43+00:00<\/span><h4 class=\"entry-title\"><a href=\"https:\/\/www.alfonsreverte.com\/ca\/uncategorized-ca\/beethoven-solidario-2\/\">Beethoven Solidari<\/a><\/h4><p class=\"meta\"><span class=\"vcard\" style=\"display: none;\"><span class=\"fn\"><a href=\"https:\/\/www.alfonsreverte.com\/ca\/author\/admin\/\" title=\"Entrades de admin\" rel=\"author\">admin<\/a><\/span><\/span><span class=\"updated\" style=\"display:none;\">2022-07-13T10:14:43+00:00<\/span><span>03\/06\/2022<\/span><span class=\"fusion-inline-sep\">|<\/span><\/p><\/div><\/article><article class=\"post fusion-column column col col-lg-12 col-md-12 col-sm-12\"><div class=\"recent-posts-content\"><span class=\"vcard\" style=\"display: none;\"><span class=\"fn\"><a href=\"https:\/\/www.alfonsreverte.com\/ca\/author\/admin\/\" title=\"Entrades de admin\" rel=\"author\">admin<\/a><\/span><\/span><span class=\"updated\" style=\"display:none;\">2022-07-29T14:07:01+00:00<\/span><h4 class=\"entry-title\"><a href=\"https:\/\/www.alfonsreverte.com\/ca\/uncategorized-ca\/passio-gitana-con-cristina-casale\/\">Passi\u00f3 Gitana amb Cristina Casale<\/a><\/h4><p class=\"meta\"><span class=\"vcard\" style=\"display: none;\"><span class=\"fn\"><a href=\"https:\/\/www.alfonsreverte.com\/ca\/author\/admin\/\" title=\"Entrades de admin\" rel=\"author\">admin<\/a><\/span><\/span><span class=\"updated\" style=\"display:none;\">2022-07-29T14:07:01+00:00<\/span><span>01\/06\/2022<\/span><span class=\"fusion-inline-sep\">|<\/span><\/p><\/div><\/article><article class=\"post fusion-column column col col-lg-12 col-md-12 col-sm-12\"><div class=\"recent-posts-content\"><span class=\"vcard\" style=\"display: none;\"><span class=\"fn\"><a href=\"https:\/\/www.alfonsreverte.com\/ca\/author\/admin\/\" title=\"Entrades de admin\" rel=\"author\">admin<\/a><\/span><\/span><span class=\"updated\" style=\"display:none;\">2022-07-13T10:21:24+00:00<\/span><h4 class=\"entry-title\"><a href=\"https:\/\/www.alfonsreverte.com\/ca\/uncategorized-ca\/ensayo-con-los-coros-de-la-gata-perduda-de-arnau-tordera\/\">Assaig amb els cors de &#8220;La Gata Perduda&#8221; d&#8217;Arnau Tordera<\/a><\/h4><p class=\"meta\"><span class=\"vcard\" style=\"display: none;\"><span class=\"fn\"><a href=\"https:\/\/www.alfonsreverte.com\/ca\/author\/admin\/\" title=\"Entrades de admin\" rel=\"author\">admin<\/a><\/span><\/span><span class=\"updated\" style=\"display:none;\">2022-07-13T10:21:24+00:00<\/span><span>10\/05\/2022<\/span><span class=\"fusion-inline-sep\">|<\/span><\/p><\/div><\/article><article class=\"post fusion-column column col col-lg-12 col-md-12 col-sm-12\"><div class=\"recent-posts-content\"><span class=\"vcard\" style=\"display: none;\"><span class=\"fn\"><a href=\"https:\/\/www.alfonsreverte.com\/ca\/author\/admin\/\" title=\"Entrades de admin\" rel=\"author\">admin<\/a><\/span><\/span><span class=\"updated\" style=\"display:none;\">2022-07-13T10:22:44+00:00<\/span><h4 class=\"entry-title\"><a href=\"https:\/\/www.alfonsreverte.com\/ca\/uncategorized-ca\/concierto-en-la-sala-angelika-kauffmann-de-schwarzenberg-en-austria\/\">Concert a la sala Angelika Kauffmann de Schwarzenberg a Austria<\/a><\/h4><p class=\"meta\"><span class=\"vcard\" style=\"display: none;\"><span class=\"fn\"><a href=\"https:\/\/www.alfonsreverte.com\/ca\/author\/admin\/\" title=\"Entrades de admin\" rel=\"author\">admin<\/a><\/span><\/span><span class=\"updated\" style=\"display:none;\">2022-07-13T10:22:44+00:00<\/span><span>02\/05\/2022<\/span><span class=\"fusion-inline-sep\">|<\/span><\/p><\/div><\/article><article class=\"post fusion-column column col col-lg-12 col-md-12 col-sm-12\"><div class=\"recent-posts-content\"><span class=\"vcard\" style=\"display: none;\"><span class=\"fn\"><a href=\"https:\/\/www.alfonsreverte.com\/ca\/author\/admin\/\" title=\"Entrades de admin\" rel=\"author\">admin<\/a><\/span><\/span><span class=\"updated\" style=\"display:none;\">2022-08-03T10:27:37+00:00<\/span><h4 class=\"entry-title\"><a href=\"https:\/\/www.alfonsreverte.com\/ca\/uncategorized-ca\/concierto-de-presentacion-como-director-titular-de-la-orquesta-sinfonica-de-san-juan-argentina\/\">Concert de presentaci\u00f3 com a Director Titular de l&#8217;Orquesta Sinf\u00f3nica de San Juan, Argentina<\/a><\/h4><p class=\"meta\"><span class=\"vcard\" style=\"display: none;\"><span class=\"fn\"><a href=\"https:\/\/www.alfonsreverte.com\/ca\/author\/admin\/\" title=\"Entrades de admin\" rel=\"author\">admin<\/a><\/span><\/span><span class=\"updated\" style=\"display:none;\">2022-08-03T10:27:37+00:00<\/span><span>20\/03\/2022<\/span><span class=\"fusion-inline-sep\">|<\/span><\/p><\/div><\/article><article class=\"post fusion-column column col col-lg-12 col-md-12 col-sm-12\"><div class=\"recent-posts-content\"><span class=\"vcard\" style=\"display: none;\"><span class=\"fn\"><a href=\"https:\/\/www.alfonsreverte.com\/ca\/author\/admin\/\" title=\"Entrades de admin\" rel=\"author\">admin<\/a><\/span><\/span><span class=\"updated\" style=\"display:none;\">2022-08-03T10:27:59+00:00<\/span><h4 class=\"entry-title\"><a href=\"https:\/\/www.alfonsreverte.com\/ca\/uncategorized-ca\/concert-a-la-seu-vella-de-lleida\/\">Presentaci\u00f3 d&#8217;Alfons Revert\u00e9 com a Director Titular i Art\u00edstic de l&#8217;Orquesta Sinf\u00f3nica de San Juan, Argentina<\/a><\/h4><p class=\"meta\"><span class=\"vcard\" style=\"display: none;\"><span class=\"fn\"><a href=\"https:\/\/www.alfonsreverte.com\/ca\/author\/admin\/\" title=\"Entrades de admin\" rel=\"author\">admin<\/a><\/span><\/span><span class=\"updated\" style=\"display:none;\">2022-08-03T10:27:59+00:00<\/span><span>17\/03\/2022<\/span><span class=\"fusion-inline-sep\">|<\/span><\/p><\/div><\/article><\/section><\/div><\/div><style type=\"text\/css\">.fusion-body .fusion-builder-column-1{width:66.666666666667% !important;margin-top : 0px;margin-bottom : 20px;}.fusion-builder-column-1 > .fusion-column-wrapper {padding-top : 0px !important;padding-right : 70px !important;margin-right : no;padding-bottom : 0px !important;padding-left : 0px !important;margin-left : no;}@media only screen and (max-width:1024px) {.fusion-body .fusion-builder-column-1{width:66.666666666667% !important;order : 0;}.fusion-builder-column-1 > .fusion-column-wrapper {margin-right : no;margin-left : no;}}@media only screen and (max-width:640px) {.fusion-body .fusion-builder-column-1{width:100% !important;order : 0;}.fusion-builder-column-1 > .fusion-column-wrapper {padding-right : 10% !important;margin-right : no;padding-left : 10% !important;margin-left : no;}}<\/style><\/div><\/div><style type=\"text\/css\">.fusion-body .fusion-flex-container.fusion-builder-row-1{ padding-top : 0px;margin-top : 0px;padding-right : 0px;padding-bottom : 0px;margin-bottom : 0px;padding-left : 0px;}<\/style><\/div><\/div>\n","protected":false},"excerpt":{"rendered":"","protected":false},"author":1,"featured_media":0,"parent":0,"menu_order":0,"comment_status":"closed","ping_status":"closed","template":"100-width.php","meta":{"footnotes":""},"class_list":["post-2112","page","type-page","status-publish","hentry"],"_links":{"self":[{"href":"https:\/\/www.alfonsreverte.com\/ca\/wp-json\/wp\/v2\/pages\/2112","targetHints":{"allow":["GET"]}}],"collection":[{"href":"https:\/\/www.alfonsreverte.com\/ca\/wp-json\/wp\/v2\/pages"}],"about":[{"href":"https:\/\/www.alfonsreverte.com\/ca\/wp-json\/wp\/v2\/types\/page"}],"author":[{"embeddable":true,"href":"https:\/\/www.alfonsreverte.com\/ca\/wp-json\/wp\/v2\/users\/1"}],"replies":[{"embeddable":true,"href":"https:\/\/www.alfonsreverte.com\/ca\/wp-json\/wp\/v2\/comments?post=2112"}],"version-history":[{"count":2,"href":"https:\/\/www.alfonsreverte.com\/ca\/wp-json\/wp\/v2\/pages\/2112\/revisions"}],"predecessor-version":[{"id":2145,"href":"https:\/\/www.alfonsreverte.com\/ca\/wp-json\/wp\/v2\/pages\/2112\/revisions\/2145"}],"wp:attachment":[{"href":"https:\/\/www.alfonsreverte.com\/ca\/wp-json\/wp\/v2\/media?parent=2112"}],"curies":[{"name":"wp","href":"https:\/\/api.w.org\/{rel}","templated":true}]}}

<div id="biografia"><div class="fusion-fullwidth fullwidth-box fusion-builder-row-1 fusion-flex-container nonhundred-percent-fullwidth non-hundred-percent-height-scrolling" style="background-color: var(--awb-color1);background-position: center center;background-repeat: no-repeat;border-width: 0px 0px 0px 0px;border-color:var(--awb-color3);border-style:solid;" ><div class="fusion-builder-row fusion-row fusion-flex-align-items-flex-start fusion-flex-align-content-space-between" style="max-width:calc( 1200px + );margin-left: calc(- / 2 );margin-right: calc(- / 2 );"><div class="fusion-layout-column fusion_builder_column fusion-builder-column-0 fusion_builder_column_1_1 1_1 fusion-flex-column fusion-no-small-visibility"><div class="fusion-column-wrapper fusion-flex-justify-content-flex-start fusion-content-layout-column" style="background-position:left top;background-repeat:no-repeat;-webkit-background-size:cover;-moz-background-size:cover;-o-background-size:cover;background-size:cover;padding: 0px 0px 0px 0px;"><div class="fusion-separator fusion-full-width-sep" style="align-self: center;margin-left: auto;margin-right: auto;margin-top:50px;width:100%;"></div></div><style type="text/css">.fusion-body .fusion-builder-column-0{width:100% !important;margin-top : 0px;margin-bottom : 20px;}.fusion-builder-column-0 > .fusion-column-wrapper {padding-top : 0px !important;padding-right : 0px !important;margin-right : no;padding-bottom : 0px !important;padding-left : 0px !important;margin-left : no;}@media only screen and (max-width:1024px) {.fusion-body .fusion-builder-column-0{width:100% !important;order : 0;}.fusion-builder-column-0 > .fusion-column-wrapper {margin-right : no;margin-left : no;}}@media only screen and (max-width:640px) {.fusion-body .fusion-builder-column-0{width:100% !important;order : 0;}.fusion-builder-column-0 > .fusion-column-wrapper {margin-right : no;margin-left : no;}}</style></div><div class="fusion-layout-column fusion_builder_column fusion-builder-column-1 fusion_builder_column_2_3 2_3 fusion-flex-column"><div class="fusion-column-wrapper fusion-flex-justify-content-flex-start fusion-content-layout-column" style="background-position:left top;background-repeat:no-repeat;-webkit-background-size:cover;-moz-background-size:cover;-o-background-size:cover;background-size:cover;padding: 0px 70px 0px 0px;"><style type="text/css">@media only screen and (max-width:1024px) {.fusion-title.fusion-title-1{margin-top:10px!important; margin-right:0px!important;margin-bottom:15px!important;margin-left:0px!important;}}@media only screen and (max-width:640px) {.fusion-title.fusion-title-1{margin-top:10px!important; margin-right:0px!important;margin-bottom:10px!important; margin-left:0px!important;}}</style><div class="fusion-title title fusion-title-1 fusion-sep-none fusion-title-text fusion-title-size-one" style="font-size:var(--awb-typography1-font-size);margin-top:10px;margin-right:0px;margin-bottom:15px;margin-left:0px;"><h1 class="title-heading-left fusion-responsive-typography-calculated" style="font-family:var(--awb-typography1-font-family);font-weight:var(--awb-typography1-font-weight);font-style:var(--awb-typography1-font-style);margin:0;font-size:1em;letter-spacing:var(--awb-typography1-letter-spacing);color:var(--awb-color5);--fontSize:40;line-height:var(--awb-typography1-line-height);">ACTUALITAT</h1></div><div class="fusion-separator fusion-full-width-sep" style="align-self: flex-start;margin-right:auto;margin-top:20px;margin-bottom:20px;width:100%;"><div class="fusion-separator-border sep-single sep-solid" style="border-color:var(--awb-color5);border-top-width:1px;"></div></div><div class="fusion-recent-posts fusion-recent-posts-1 avada-container layout-default layout-columns-1"><section class="fusion-columns columns fusion-columns-1 columns-1"><article class="post fusion-column column col col-lg-12 col-md-12 col-sm-12"><div class="recent-posts-content"><span class="vcard" style="display: none;"><span class="fn"><a href="https://www.alfonsreverte.com/ca/author/admin/" title="Entrades de admin" rel="author">admin</a></span></span><span class="updated" style="display:none;">2022-08-19T15:46:11+00:00</span><h4 class="entry-title"><a href="https://www.alfonsreverte.com/ca/uncategorized-ca/nominacio/">Nominació al Premio Nacional Clásica de Radio Nacional Clásica d&#8217;Argentina</a></h4><p class="meta"><span class="vcard" style="display: none;"><span class="fn"><a href="https://www.alfonsreverte.com/ca/author/admin/" title="Entrades de admin" rel="author">admin</a></span></span><span class="updated" style="display:none;">2022-08-19T15:46:11+00:00</span><span>19/08/2022</span><span class="fusion-inline-sep">|</span></p></div></article><article class="post fusion-column column col col-lg-12 col-md-12 col-sm-12"><div class="recent-posts-content"><span class="vcard" style="display: none;"><span class="fn"><a href="https://www.alfonsreverte.com/ca/author/admin/" title="Entrades de admin" rel="author">admin</a></span></span><span class="updated" style="display:none;">2022-07-22T10:04:52+00:00</span><h4 class="entry-title"><a href="https://www.alfonsreverte.com/ca/uncategorized-ca/20e-aniversari-de-la-fundacio-tot-raval/">20è Aniversari de la Fundació Tot Raval</a></h4><p class="meta"><span class="vcard" style="display: none;"><span class="fn"><a href="https://www.alfonsreverte.com/ca/author/admin/" title="Entrades de admin" rel="author">admin</a></span></span><span class="updated" style="display:none;">2022-07-22T10:04:52+00:00</span><span>22/07/2022</span><span class="fusion-inline-sep">|</span></p></div></article><article class="post fusion-column column col col-lg-12 col-md-12 col-sm-12"><div class="recent-posts-content"><span class="vcard" style="display: none;"><span class="fn"><a href="https://www.alfonsreverte.com/ca/author/admin/" title="Entrades de admin" rel="author">admin</a></span></span><span class="updated" style="display:none;">2022-07-13T10:14:43+00:00</span><h4 class="entry-title"><a href="https://www.alfonsreverte.com/ca/uncategorized-ca/beethoven-solidario-2/">Beethoven Solidari</a></h4><p class="meta"><span class="vcard" style="display: none;"><span class="fn"><a href="https://www.alfonsreverte.com/ca/author/admin/" title="Entrades de admin" rel="author">admin</a></span></span><span class="updated" style="display:none;">2022-07-13T10:14:43+00:00</span><span>03/06/2022</span><span class="fusion-inline-sep">|</span></p></div></article><article class="post fusion-column column col col-lg-12 col-md-12 col-sm-12"><div class="recent-posts-content"><span class="vcard" style="display: none;"><span class="fn"><a href="https://www.alfonsreverte.com/ca/author/admin/" title="Entrades de admin" rel="author">admin</a></span></span><span class="updated" style="display:none;">2022-07-29T14:07:01+00:00</span><h4 class="entry-title"><a href="https://www.alfonsreverte.com/ca/uncategorized-ca/passio-gitana-con-cristina-casale/">Passió Gitana amb Cristina Casale</a></h4><p class="meta"><span class="vcard" style="display: none;"><span class="fn"><a href="https://www.alfonsreverte.com/ca/author/admin/" title="Entrades de admin" rel="author">admin</a></span></span><span class="updated" style="display:none;">2022-07-29T14:07:01+00:00</span><span>01/06/2022</span><span class="fusion-inline-sep">|</span></p></div></article><article class="post fusion-column column col col-lg-12 col-md-12 col-sm-12"><div class="recent-posts-content"><span class="vcard" style="display: none;"><span class="fn"><a href="https://www.alfonsreverte.com/ca/author/admin/" title="Entrades de admin" rel="author">admin</a></span></span><span class="updated" style="display:none;">2022-07-13T10:21:24+00:00</span><h4 class="entry-title"><a href="https://www.alfonsreverte.com/ca/uncategorized-ca/ensayo-con-los-coros-de-la-gata-perduda-de-arnau-tordera/">Assaig amb els cors de &#8220;La Gata Perduda&#8221; d&#8217;Arnau Tordera</a></h4><p class="meta"><span class="vcard" style="display: none;"><span class="fn"><a href="https://www.alfonsreverte.com/ca/author/admin/" title="Entrades de admin" rel="author">admin</a></span></span><span class="updated" style="display:none;">2022-07-13T10:21:24+00:00</span><span>10/05/2022</span><span class="fusion-inline-sep">|</span></p></div></article><article class="post fusion-column column col col-lg-12 col-md-12 col-sm-12"><div class="recent-posts-content"><span class="vcard" style="display: none;"><span class="fn"><a href="https://www.alfonsreverte.com/ca/author/admin/" title="Entrades de admin" rel="author">admin</a></span></span><span class="updated" style="display:none;">2022-07-13T10:22:44+00:00</span><h4 class="entry-title"><a href="https://www.alfonsreverte.com/ca/uncategorized-ca/concierto-en-la-sala-angelika-kauffmann-de-schwarzenberg-en-austria/">Concert a la sala Angelika Kauffmann de Schwarzenberg a Austria</a></h4><p class="meta"><span class="vcard" style="display: none;"><span class="fn"><a href="https://www.alfonsreverte.com/ca/author/admin/" title="Entrades de admin" rel="author">admin</a></span></span><span class="updated" style="display:none;">2022-07-13T10:22:44+00:00</span><span>02/05/2022</span><span class="fusion-inline-sep">|</span></p></div></article><article class="post fusion-column column col col-lg-12 col-md-12 col-sm-12"><div class="recent-posts-content"><span class="vcard" style="display: none;"><span class="fn"><a href="https://www.alfonsreverte.com/ca/author/admin/" title="Entrades de admin" rel="author">admin</a></span></span><span class="updated" style="display:none;">2022-08-03T10:27:37+00:00</span><h4 class="entry-title"><a href="https://www.alfonsreverte.com/ca/uncategorized-ca/concierto-de-presentacion-como-director-titular-de-la-orquesta-sinfonica-de-san-juan-argentina/">Concert de presentació com a Director Titular de l&#8217;Orquesta Sinfónica de San Juan, Argentina</a></h4><p class="meta"><span class="vcard" style="display: none;"><span class="fn"><a href="https://www.alfonsreverte.com/ca/author/admin/" title="Entrades de admin" rel="author">admin</a></span></span><span class="updated" style="display:none;">2022-08-03T10:27:37+00:00</span><span>20/03/2022</span><span class="fusion-inline-sep">|</span></p></div></article><article class="post fusion-column column col col-lg-12 col-md-12 col-sm-12"><div class="recent-posts-content"><span class="vcard" style="display: none;"><span class="fn"><a href="https://www.alfonsreverte.com/ca/author/admin/" title="Entrades de admin" rel="author">admin</a></span></span><span class="updated" style="display:none;">2022-08-03T10:27:59+00:00</span><h4 class="entry-title"><a href="https://www.alfonsreverte.com/ca/uncategorized-ca/concert-a-la-seu-vella-de-lleida/">Presentació d&#8217;Alfons Reverté com a Director Titular i Artístic de l&#8217;Orquesta Sinfónica de San Juan, Argentina</a></h4><p class="meta"><span class="vcard" style="display: none;"><span class="fn"><a href="https://www.alfonsreverte.com/ca/author/admin/" title="Entrades de admin" rel="author">admin</a></span></span><span class="updated" style="display:none;">2022-08-03T10:27:59+00:00</span><span>17/03/2022</span><span class="fusion-inline-sep">|</span></p></div></article></section></div></div><style type="text/css">.fusion-body .fusion-builder-column-1{width:66.666666666667% !important;margin-top : 0px;margin-bottom : 20px;}.fusion-builder-column-1 > .fusion-column-wrapper {padding-top : 0px !important;padding-right : 70px !important;margin-right : no;padding-bottom : 0px !important;padding-left : 0px !important;margin-left : no;}@media only screen and (max-width:1024px) {.fusion-body .fusion-builder-column-1{width:66.666666666667% !important;order : 0;}.fusion-builder-column-1 > .fusion-column-wrapper {margin-right : no;margin-left : no;}}@media only screen and (max-width:640px) {.fusion-body .fusion-builder-column-1{width:100% !important;order : 0;}.fusion-builder-column-1 > .fusion-column-wrapper {padding-right : 10% !important;margin-right : no;padding-left : 10% !important;margin-left : no;}}</style></div></div><style type="text/css">.fusion-body .fusion-flex-container.fusion-builder-row-1{ padding-top : 0px;margin-top : 0px;padding-right : 0px;padding-bottom : 0px;margin-bottom : 0px;padding-left : 0px;}</style></div></div>
